{"id":411,"date":"2023-04-21T09:42:04","date_gmt":"2023-04-21T09:42:04","guid":{"rendered":"https:\/\/dev.jbraucker.com\/trustventure\/?page_id=411"},"modified":"2023-09-13T06:58:43","modified_gmt":"2023-09-13T06:58:43","slug":"about-us-2","status":"publish","type":"page","link":"https:\/\/dev.jbraucker.com\/trustventure\/en\/about-us-2\/","title":{"rendered":"About us"},"content":{"rendered":"<p>[vc_row css=&#8221;.vc_custom_1683205722227{margin-bottom: 10rem !important;padding-top: 10vh !important;}&#8221;][vc_column width=&#8221;1\/6&#8243;][\/vc_column][vc_column width=&#8221;2\/3&#8243;][vc_column_text]<\/p>\n<h1 style=\"text-align: center;\">A team filled with financial<br \/>\nexpertise &amp; <em>entrepreneurial spirit<\/em><\/h1>\n<p class=\"big\" style=\"text-align: center;\">We come from a <strong>diverse background<\/strong> \u2013 ranging from startups to private equity to management consultancy. One thread connects us all: <strong>An undisputable passion for entrepreneurship and strong empathy for risk takers.<\/strong><\/p>\n<p>[\/vc_column_text][vc_row_inner el_class=&#8221;center&#8221; css=&#8221;.vc_custom_1687807027655{margin-bottom: 0px !important;}&#8221;][vc_column_inner]<a href=\"https:\/\/dev.jbraucker.com\/trustventure\/en\/about-us-2\/team-2\/\" title=\"Team\" class=\"btn l  \">Our team<\/a><a href=\"https:\/\/dev.jbraucker.com\/trustventure\/en\/about-us-2\/career-2\/\" title=\"Career\" class=\"btn l dark \">Career<\/a>[\/vc_column_inner][\/vc_row_inner][\/vc_column][vc_column width=&#8221;1\/6&#8243;][\/vc_column][\/vc_row][vc_row css=&#8221;.vc_custom_1681321629810{margin-bottom: 3rem !important;}&#8221;][vc_column][vc_single_image image=&#8221;3061&#8243; img_size=&#8221;full&#8221; alignment=&#8221;center&#8221;][\/vc_column][\/vc_row][vc_row el_class=&#8221;kachel-wrapper stat-wrapper&#8221;][vc_column]<div class=\"counter-wrapper\" style=\"text-align: center;\">\r\n                            <div class=\"counter\">\r\n                                \r\n                                <span class=\"number\">10<\/span>\r\n                                <span class=\"unit\">+<\/span>\r\n                            <\/div>\r\n                            <span class=\"label\">Team members<\/span>\r\n                        <\/div><div class=\"counter-wrapper\" style=\"text-align: center;\">\r\n                            <div class=\"counter\">\r\n                                \r\n                                <span class=\"number\">60<\/span>\r\n                                <span class=\"unit\">+<\/span>\r\n                            <\/div>\r\n                            <span class=\"label\">Client projects since 2020<\/span>\r\n                        <\/div><div class=\"counter-wrapper\" style=\"text-align: center;\">\r\n                            <div class=\"counter\">\r\n                                \r\n                                <span class=\"number\">2<\/span>\r\n                                \r\n                            <\/div>\r\n                            <span class=\"label\">Locations in London and Cologne<\/span>\r\n                        <\/div><div class=\"counter-wrapper\" style=\"text-align: center;\">\r\n                            <div class=\"counter\">\r\n                                \r\n                                <span class=\"number\">100<\/span>\r\n                                <span class=\"unit\">%<\/span>\r\n                            <\/div>\r\n                            <span class=\"label\">Commitment. Always just one message away.<\/span>\r\n                        <\/div>[\/vc_column][\/vc_row][vc_row css=&#8221;.vc_custom_1681398251913{margin-bottom: 5rem !important;}&#8221;][vc_column width=&#8221;1\/6&#8243;][\/vc_column][vc_column width=&#8221;2\/3&#8243;][vc_column_text]<\/p>\n<h2 style=\"text-align: center;\">What separates us<\/h2>\n<p style=\"text-align: center;\">We serve as a Swiss-army knife for our clients, combining operational excellence in finance with a <strong>deep understanding<\/strong> for entrepreneurship. Our aspiration is to be a trusted partner, with our <strong>clients success always in the forefront of everything we do<\/strong>.<\/p>\n<p>[\/vc_column_text][\/vc_column][vc_column width=&#8221;1\/6&#8243;][\/vc_column][\/vc_row][vc_row equal_height=&#8221;yes&#8221; css=&#8221;.vc_custom_1681553539988{margin-bottom: 0px !important;}&#8221;][vc_column width=&#8221;1\/2&#8243; el_class=&#8221;full-height&#8221; css=&#8221;.vc_custom_1681553486915{margin-bottom: 3rem !important;}&#8221;]<div class=\"ico-card\">\r\n                        <span class=\"card-img\" style=\"background: url(https:\/\/dev.jbraucker.com\/trustventure\/wp-content\/uploads\/2023\/04\/icon_transaction.svg) no-repeat center\/2.5rem, linear-gradient(97.41deg, rgba(245, 245, 245, 0.64) 0.51%, rgba(255, 255, 255, 0.19) 103.77%), linear-gradient(91.82deg, rgba(248, 245, 240, 0.69) 3.58%, rgba(255, 255, 255, 0.29) 80.79%);\"><\/span>\r\n                        <div class=\"card-txt\">\r\n                            <h4>Transaction centered<\/h4>\r\n                            <span>Through numerous fundraising and M&amp;A transactions in the venture environment, we are more than familiar with levers and typical roadblocks.<\/span>\r\n                        <\/div>\r\n                    <\/div>[\/vc_column][vc_column width=&#8221;1\/2&#8243; el_class=&#8221;full-height&#8221; css=&#8221;.vc_custom_1681553496538{margin-bottom: 3rem !important;}&#8221;]<div class=\"ico-card\">\r\n                        <span class=\"card-img\" style=\"background: url(https:\/\/dev.jbraucker.com\/trustventure\/wp-content\/uploads\/2023\/04\/icon-clients.svg) no-repeat center\/2.5rem, linear-gradient(97.41deg, rgba(245, 245, 245, 0.64) 0.51%, rgba(255, 255, 255, 0.19) 103.77%), linear-gradient(91.82deg, rgba(248, 245, 240, 0.69) 3.58%, rgba(255, 255, 255, 0.29) 80.79%);\"><\/span>\r\n                        <div class=\"card-txt\">\r\n                            <h4>Clients first<\/h4>\r\n                            <span>We put the interest of the client in the forefront at all times while representing them to the fullest in every occurrence.<\/span>\r\n                        <\/div>\r\n                    <\/div>[\/vc_column][\/vc_row][vc_row equal_height=&#8221;yes&#8221; css=&#8221;.vc_custom_1681553543505{margin-bottom: 0px !important;}&#8221;][vc_column width=&#8221;1\/2&#8243; el_class=&#8221;full-height&#8221; css=&#8221;.vc_custom_1681553500566{margin-bottom: 3rem !important;}&#8221;]<div class=\"ico-card\">\r\n                        <span class=\"card-img\" style=\"background: url(https:\/\/dev.jbraucker.com\/trustventure\/wp-content\/uploads\/2023\/04\/icon-operators.svg) no-repeat center\/2.5rem, linear-gradient(97.41deg, rgba(245, 245, 245, 0.64) 0.51%, rgba(255, 255, 255, 0.19) 103.77%), linear-gradient(91.82deg, rgba(248, 245, 240, 0.69) 3.58%, rgba(255, 255, 255, 0.29) 80.79%);\"><\/span>\r\n                        <div class=\"card-txt\">\r\n                            <h4>Operators at heart<\/h4>\r\n                            <span>We are operators at heart, constantly output and value focused. For us, it doesn\u2019t stop with presentations and excel spreadsheets.<\/span>\r\n                        <\/div>\r\n                    <\/div>[\/vc_column][vc_column width=&#8221;1\/2&#8243; el_class=&#8221;full-height&#8221; css=&#8221;.vc_custom_1681553506522{margin-bottom: 3rem !important;}&#8221;]<div class=\"ico-card\">\r\n                        <span class=\"card-img\" style=\"background: url(https:\/\/dev.jbraucker.com\/trustventure\/wp-content\/uploads\/2023\/04\/icon-question.svg) no-repeat center\/2.5rem, linear-gradient(97.41deg, rgba(245, 245, 245, 0.64) 0.51%, rgba(255, 255, 255, 0.19) 103.77%), linear-gradient(91.82deg, rgba(248, 245, 240, 0.69) 3.58%, rgba(255, 255, 255, 0.29) 80.79%);\"><\/span>\r\n                        <div class=\"card-txt\">\r\n                            <h4>Always questioning<\/h4>\r\n                            <span>A critical attitude is deeply rooted in our DNA. We constantly question the status quo in order to have the greatest possible impact.<\/span>\r\n                        <\/div>\r\n                    <\/div>[\/vc_column][\/vc_row][vc_row equal_height=&#8221;yes&#8221;][vc_column width=&#8221;1\/2&#8243; el_class=&#8221;full-height&#8221; css=&#8221;.vc_custom_1681553509829{margin-bottom: 3rem !important;}&#8221;]<div class=\"ico-card\">\r\n                        <span class=\"card-img\" style=\"background: url(https:\/\/dev.jbraucker.com\/trustventure\/wp-content\/uploads\/2023\/04\/icon-time.svg) no-repeat center\/2.5rem, linear-gradient(97.41deg, rgba(245, 245, 245, 0.64) 0.51%, rgba(255, 255, 255, 0.19) 103.77%), linear-gradient(91.82deg, rgba(248, 245, 240, 0.69) 3.58%, rgba(255, 255, 255, 0.29) 80.79%);\"><\/span>\r\n                        <div class=\"card-txt\">\r\n                            <h4>Long-term partners<\/h4>\r\n                            <span>Long-term coopoeration is the norm for us. We aim to drive value for our client far beyond the transaction.<\/span>\r\n                        <\/div>\r\n                    <\/div>[\/vc_column][vc_column width=&#8221;1\/2&#8243; el_class=&#8221;full-height&#8221; css=&#8221;.vc_custom_1681553512957{margin-bottom: 3rem !important;}&#8221;]<div class=\"ico-card\">\r\n                        <span class=\"card-img\" style=\"background: url(https:\/\/dev.jbraucker.com\/trustventure\/wp-content\/uploads\/2023\/04\/icon-bulb.svg) no-repeat center\/2.5rem, linear-gradient(97.41deg, rgba(245, 245, 245, 0.64) 0.51%, rgba(255, 255, 255, 0.19) 103.77%), linear-gradient(91.82deg, rgba(248, 245, 240, 0.69) 3.58%, rgba(255, 255, 255, 0.29) 80.79%);\"><\/span>\r\n                        <div class=\"card-txt\">\r\n                            <h4>Innovation focus<\/h4>\r\n                            <span>We are working with highly innovative companies, no matter the industry or origin.<\/span>\r\n                        <\/div>\r\n                    <\/div>[\/vc_column][\/vc_row][vc_row css=&#8221;.vc_custom_1683204757748{margin-bottom: 6rem !important;}&#8221;][vc_column][vc_column_text]<\/p>\n<h2 style=\"text-align: center;\">Hear from our clients<\/h2>\n<p>[\/vc_column_text][\/vc_column][\/vc_row][vc_row][vc_column]<div class=\"threeQuotes\">\r\n        <div class=\"quoteContainer\">\r\n            <div class=\"quote_content fCnt fAlgnCntr\">\r\n                <div class=\"quote_content_inner\">\r\n                    <span class=\"quote-icon\">\u201c<\/span>\r\n                    <p>Die Zusammenarbeit mit Trustventure gibt mir ein gutes Gef\u00fchl, weil ich wei\u00df, dass alle Finanzangelegenheiten auf die professionellste Art und Weise erledigt werden, ohne dass unser Gr\u00fcndungsteam den Fokus auf das organisatorische Wachstum verlieren muss.<\/p>\r\n                    <div class=\"source-wrapper\">    \r\n                    <img decoding=\"async\" src=\"https:\/\/dev.jbraucker.com\/trustventure\/wp-content\/uploads\/2023\/04\/FarhoudCheraghi.jpg\" alt=\"\"> \r\n                    <div class=\"source-title\">\r\n                    <span class=\"source\">Farhoud Cheraghi<\/span>\r\n                    <span class=\"source-title\">Co-Founder how.fm<\/span>\r\n                    <\/div>    \r\n                    <\/div>\r\n                <\/div>\r\n            <\/div>\r\n        <\/div>\r\n        <div class=\"quoteContainer\">\r\n            <div class=\"quote_content fCnt fAlgnCntr\">\r\n                <div class=\"quote_content_inner\">\r\n                    <span class=\"quote-icon\">\u201c<\/span>\r\n                    <p>Mit Trustventure haben wir einen professionellen Partner an unserer Seite, mit dem wir unsere Finanzprozesse gerade in der Wachstumsphase strategisch und strukturiert aufstellen k\u00f6nnen.<\/p>\r\n                    <div class=\"source-wrapper\">    \r\n                    <img decoding=\"async\" src=\"https:\/\/dev.jbraucker.com\/trustventure\/wp-content\/uploads\/2023\/04\/KjellOleBeckmann.jpg\" alt=\"\"> \r\n                    <div class=\"source-title\">\r\n                    <span class=\"source\">Kjell Ole Beckmann<\/span>\r\n                    <span class=\"source-title\">Managing Director REOS<\/span>\r\n                    <\/div>    \r\n                    <\/div>\r\n                <\/div>\r\n            <\/div>\r\n        <\/div>\r\n        <div class=\"quoteContainer\">\r\n            <div class=\"quote_content fCnt fAlgnCntr\">\r\n                <div class=\"quote_content_inner\">\r\n                    <span class=\"quote-icon\">\u201c<\/span>\r\n                    <p>Die Tools, die Trustventure f\u00fcr tenac.io entwickelt hat, sind super strukturiert und erm\u00f6glichen uns eine solide Planung f\u00fcr die Zukunft. Das Team entwickelt schnell und zuverl\u00e4ssig L\u00f6sungen, die den Anforderungen entsprechen und setzt alle unsere Ideen um.<\/p>\r\n                    <div class=\"source-wrapper\">    \r\n                    <img decoding=\"async\" src=\"https:\/\/dev.jbraucker.com\/trustventure\/wp-content\/uploads\/2023\/04\/Dr.GeorgvanHusen.jpg\" alt=\"\"> \r\n                    <div class=\"source-title\">\r\n                    <span class=\"source\">Dr. Georg van Husen<\/span>\r\n                    <span class=\"source-title\">Co-Founder tenac.io<\/span>\r\n                    <\/div>    \r\n                    <\/div>\r\n                <\/div>\r\n            <\/div>\r\n        <\/div>\r\n        <\/div>\r\n        [\/vc_column][\/vc_row][vc_row full_width=&#8221;stretch_row&#8221; content_placement=&#8221;middle&#8221; css=&#8221;.vc_custom_1694588320824{padding-top: 2rem !important;padding-bottom: 4rem !important;background-color: #263148 !important;}&#8221;][vc_column width=&#8221;1\/2&#8243;][vc_column_text el_class=&#8221;max-width-600&#8243;]<\/p>\n<h2><span style=\"color: #ffffff;\">Join us in supporting the industry leaders of tomorrow<\/span><\/h2>\n<p><span style=\"color: #ffffff;\">We are always on the lookout for top-tier talent to join us and further drive the growth of our clients and Trustventure.<\/span><\/p>\n<p><span style=\"color: #ffffff;\">We preach flat hierarchies, an ongoing, steep learning curve as well as taking on responsibility starting in the early days.<\/span>[\/vc_column_text]<a href=\"https:\/\/dev.jbraucker.com\/trustventure\/en\/about-us-2\/career-2\/\" title=\"Career\" class=\"btn l accent \">Career<\/a>[\/vc_column][vc_column width=&#8221;1\/2&#8243;][vc_single_image image=&#8221;236&#8243; img_size=&#8221;full&#8221; style=&#8221;vc_box_rounded&#8221; css=&#8221;.vc_custom_1691414553503{padding-bottom: 0rem !important;border-radius: 15px !important;}&#8221;][\/vc_column][\/vc_row][vc_row][vc_column width=&#8221;1\/2&#8243; el_class=&#8221;desktop-border-right&#8221;][vc_column_text el_class=&#8221;max-width-600 center&#8221;]<\/p>\n<h3 style=\"text-align: center;\">Get in contact<\/h3>\n<p style=\"text-align: center;\">We partner with the bold &amp; ambitious. Contact us and benefit from our diverse experience in supporting fast-scaling ventures.<\/p>\n<p>[\/vc_column_text]<a href=\"https:\/\/dev.jbraucker.com\/trustventure\/en\/book-an-appointment\/\" title=\"Book an appointment\" class=\"btn center  \">Book an appointment<\/a>[\/vc_column][vc_column width=&#8221;1\/2&#8243;][vc_column_text el_class=&#8221;max-width-600 center&#8221;]<\/p>\n<h3 style=\"text-align: center;\">Discover more<\/h3>\n<p style=\"text-align: center;\">Have a look into our references, case studies, market insights<br \/>\nand more!<\/p>\n<p>[\/vc_column_text]<a href=\"https:\/\/dev.jbraucker.com\/trustventure\/en\/references\/\" title=\"Insights\" class=\"btn center  \">Insights<\/a>[\/vc_column][\/vc_row]<\/p>\n","protected":false},"excerpt":{"rendered":"[vc_row css=&#8221;.vc_custom_1683205722227{margin-bottom: 10rem !important;padding-top: 10vh !important;}&#8221;][vc_column width=&#8221;1\/6&#8243;][\/vc_column][vc_column width=&#8221;2\/3&#8243;][vc_column_text] A team filled with financial expertise &amp; entrepreneurial spirit We come from a diverse background \u2013 ranging from startups to private equity to management consultancy. One thread connects us all: An undisputable passion for entrepreneurship and strong empathy for risk takers. [\/vc_column_text][vc_row_inner el_class=&#8221;center&#8221; css=&#8221;.vc_custom_1687807027655{margin-bottom: 0px !important;}&#8221;][vc_column_inner][\/vc_column_inner][\/vc_row_inner][\/vc_column][vc_column width=&#8221;1\/6&#8243;][\/vc_column][\/vc_row][vc_row&#8230;","protected":false},"author":1,"featured_media":0,"parent":0,"menu_order":0,"comment_status":"closed","ping_status":"closed","template":"","meta":{"inline_featured_image":false,"footnotes":""},"tags":[],"folder":[56],"class_list":["post-411","page","type-page","status-publish","hentry"],"acf":[],"_links":{"self":[{"href":"https:\/\/dev.jbraucker.com\/trustventure\/wp-json\/wp\/v2\/pages\/411","targetHints":{"allow":["GET"]}}],"collection":[{"href":"https:\/\/dev.jbraucker.com\/trustventure\/wp-json\/wp\/v2\/pages"}],"about":[{"href":"https:\/\/dev.jbraucker.com\/trustventure\/wp-json\/wp\/v2\/types\/page"}],"author":[{"embeddable":true,"href":"https:\/\/dev.jbraucker.com\/trustventure\/wp-json\/wp\/v2\/users\/1"}],"replies":[{"embeddable":true,"href":"https:\/\/dev.jbraucker.com\/trustventure\/wp-json\/wp\/v2\/comments?post=411"}],"version-history":[{"count":10,"href":"https:\/\/dev.jbraucker.com\/trustventure\/wp-json\/wp\/v2\/pages\/411\/revisions"}],"predecessor-version":[{"id":3071,"href":"https:\/\/dev.jbraucker.com\/trustventure\/wp-json\/wp\/v2\/pages\/411\/revisions\/3071"}],"wp:attachment":[{"href":"https:\/\/dev.jbraucker.com\/trustventure\/wp-json\/wp\/v2\/media?parent=411"}],"wp:term":[{"taxonomy":"post_tag","embeddable":true,"href":"https:\/\/dev.jbraucker.com\/trustventure\/wp-json\/wp\/v2\/tags?post=411"},{"taxonomy":"folder","embeddable":true,"href":"https:\/\/dev.jbraucker.com\/trustventure\/wp-json\/wp\/v2\/folder?post=411"}],"curies":[{"name":"wp","href":"https:\/\/api.w.org\/{rel}","templated":true}]}}